 factors of 363.
3, 11
List the prime factors of 1472.
2, 23
What are the prime factors of 12028?
2, 31, 97
What are the prime factors of 32438?
2, 7, 331
What are the prime factors of 725?
5, 29
List the prime factors of 171.
3, 19
What are the prime factors of 2257?
37, 61
What are the prime factors of 5817?
3, 7, 277
List the prime factors of 999.
3, 37
List the prime factors of 61838.
2, 7, 631
What are the prime factors of 85183?
7, 43, 283
List the prime factors of 16109.
89, 181
List the prime factors of 2244.
2, 3, 11, 17
What are the prime factors of 38456?
2, 11, 19, 23
What are the prime factors of 16253?
16253
What are the prime factors of 873?
3, 97
What are the prime factors of 26099?
26099
List the prime factors of 1022.
2, 7, 73
List the prime factors of 850.
2, 5, 17
List the prime factors of 510.
2, 3, 5, 17
List the prime factors of 2607.
3, 11, 79
What are the prime factors of 38000?
2, 5, 19
What are the prime factors of 21627?
3, 89
List the prime factors of 1169.
7, 167
List the prime factors of 1819.
17, 107
List the prime factors of 1057.
7, 151
What are the prime factors of 6116?
2, 11, 139
List the prime factors of 2846.
2, 1423
What are the prime factors of 25?
5
What are the prime factors of 1701?
3, 7
List the prime factors of 7617.
3, 2539
What are the prime factors of 6333?
3, 2111
List the prime factors of 87560.
2, 5, 11, 199
List the prime factors of 1400.
2, 5, 7
What are the prime factors of 4580?
2, 5, 229
What are the prime factors of 565?
5, 113
List the prime factors of 335.
5, 67
What are the prime factors of 9045?
3, 5, 67
List the prime factors of 9741.
3, 17, 191
What are the prime factors of 321?
3, 107
What are the prime factors of 899?
29, 31
What are the prime factors of 9469?
17, 557
What are the prime factors of 667?
23, 29
What are the prime factors of 5182?
2, 2591
What are the prime factors of 21728?
2, 7, 97
List the prime factors of 22801.
151
What are the prime factors of 62495?
5, 29, 431
What are the prime factors of 439?
439
List the prime factors of 175267.
175267
List the prime factors of 330.
2, 3, 5, 11
List the prime factors of 18466.
2, 7, 1319
List the prime factors of 2096.
2, 131
What are the prime factors of 1448?
2, 181
List the prime factors of 7243.
7243
List the prime factors of 11838.
2, 3, 1973
What are the prime factors of 6360?
2, 3, 5, 53
List the prime factors of 6030.
2, 3, 5, 67
What are the prime factors of 34737?
3, 11579
What are the prime factors of 3193?
31, 103
List the prime factors of 2425.
5, 97
List the prime factors of 3663.
3, 11, 37
List the prime factors of 789.
3, 263
What are the prime factors of 12637?
12637
What are the prime factors of 69769?
7, 9967
List the prime factors of 3807.
3, 47
What are the prime factors of 4867?
31, 157
List the prime factors of 946.
2, 11, 43
What are the prime factors of 876?
2, 3, 73
List the prime factors of 1643.
31, 53
What are the prime factors of 5884?
2, 1471
What are the prime factors of 75912?
2, 3, 3163
What are the prime factors of 28823?
19, 37, 41
What are the prime factors of 10652?
2, 2663
List the prime factors of 504.
2, 3, 7
List the prime factors of 9773.
29, 337
What are the prime factors of 66642?
2, 3, 29, 383
What are the prime factors of 104?
2, 13
What are the prime factors of 45102?
2, 3, 7517
List the prime factors of 101711.
17, 31, 193
What are the prime factors of 1618?
2, 809
List the prime factors of 155766.
2, 3, 13, 1997
What are the prime factors of 133276?
2, 11, 13, 233
What are the prime factors of 1608?
2, 3, 67
What are the prime factors of 3213?
3, 7, 17
List the prime factors of 40.
2, 5
What are the prime factors of 4303?
13, 331
List the prime factors of 494.
2, 13, 19
What are the prime factors of 7842?
2, 3, 1307
List the prime factors of 857.
857
What are the prime factors of 156?
2, 3, 13
What are the prime factors of 5761?
7, 823
What are the prime factors of 4516?
2, 1129
List the prime factors of 6368.
2, 199
What are the prime factors of 2188?
2, 547
What are the prime factors of 7262?
2, 3631
List the prime factors of 1008.
2, 3, 7
What are the prime factors of 4016?
2, 251
List the prime factors of 1569.
3, 523
List the prime factors of 528.
2, 3, 11
What are the prime factors of 23447?
23447
List the prime factors of 12596.
2, 47, 67
List the prime factors of 416.
2, 13
List the prime factors of 36265.
5, 7253
What are the prime factors of 123988?
2, 139, 223
What are the prime factors of 56547?
3, 61, 103
What are the prime factors of 6405?
3, 5, 7, 61
List the prime factors of 48945.
3, 5, 13, 251
What are the prime factors of 2273?
2273
List the prime factors of 28175.
5, 7, 23
What are the prime factors of 1223?
1223
List the prime factors of 11743.
11743
List the prime factors of 75139.
29, 2591
List the prime factors of 1526.
2, 7, 109
What are the prime factors of 858?
2, 3, 11, 13
What are the prime factors of 3720?
2, 3, 5, 31
List the prime factors of 1755.
3, 5, 13
What are the prime factors of 1651?
13, 127
List the prime factors of 3793.
3793
What are the prime factors of 3871?
7, 79
List the prime factors of 14549.
14549
List the prime factors of 11103.
3, 3701
What are the prime factors of 32797?
32797
List the prime factors of 896.
2, 7
List the prime factors of 33285.
3, 5, 7, 317
What are the prime factors of 18041?
18041
List the prime factors of 1136.
2, 71
List the prime factors of 15384.
2, 3, 641
List the prime factors of 67269.
3, 17, 1319
List the prime factors of 1902.
2, 3, 317
What are the prime factors of 11861?
29, 409
List the prime factors of 105.
3, 5, 7
List the prime factors of 31679.
79, 401
What are the prime factors of 393?
3, 131
List the prime factors of 8449.
7, 17, 71
What are the prime factors of 6700?
2, 5, 67
List the prime factors of 878.
2, 439
What are the prime factors of 18048?
2, 3, 47
List the prime factors of 39.
3, 13
What are the prime factors of 21011?
21011
List the prime factors of 60118.
2, 30059
What are the prime factors of 1052?
2, 263
What are the prime factors of 3559?
3559
List the prime factors of 27672.
2, 3, 1153
What are the prime factors of 3210?
2, 3, 5, 107
What are the prime factors of 75536?
2, 4721
List the prime factors of 45830.
2, 5, 4583
What are the prime factors of 3952?
2, 13, 19
What are the prime factors of 63719?
63719
List the prime factors of 28479.
3, 11, 863
List the prime factors of 56105.
5, 7, 229
List the prime factors of 1609.
1609
What are the prime factors of 5050?
2, 5, 101
What are the prime factors of 114969?
3, 19, 2017
What are the prime factors of 305?
5, 61
What are the prime factors of 58165?
5, 11633
List the prime factors of 1294.
2, 647
What are the prime factors of 1088?
2, 17
List the prime factors of 21191.
21191
List the prime factors of 857.
857
List the prime factors of 561.
3, 11, 17
What are the prime factors of 7227?
3, 11, 73
List the prime factors of 28929.
3, 9643
List the prime factors of 1016.
2, 127
What are the prime factors of 563?
563
List the prime factors of 4772.
2, 1193
List the prime factors of 614.
2, 307
List the prime factors of 6633.
3, 11, 67
List the prime factors of 3600.
2, 3, 5
List the prime factors of 1226.
2, 613
List the prime factors of 6381.
3, 709
What are the prime factors of 619?
619
List the prime factors of 6023.
19, 317
List the prime factors of 31882.
2, 19, 839
What are the prime factors of 1173?
3, 17, 23
What are the prime factors of 11555?
5, 2311
What are the prime factors of 25257?
3, 8419
List the prime factors of 761.
761
What are the prime factors of 109095?
3, 5, 7, 1039
List the prime factors of 1909.
23, 83
List the prime factors of 1076.
2, 269
What are the prime factors of 1178?
2, 19, 31
What are the prime factors of 1651?
13, 127
List the prime factors of 3896.
2, 487
List the prime factors of 25518.
2, 3, 4253
List the prime factors of 22800.
2, 3, 5, 19
What are the prime factors of 10258?
2, 23, 223
List the prime factors of 93882.
2, 3, 15647
List the prime factors of 4089.
3, 29, 47
List the prime factors of 40836.
2, 3, 41, 83
What are the prime factors of 1746?
2, 3, 97
List the prime factors of 1433.
1433
What are the prime factors of 76729?
277
What are the prime factors of 31681?
1